and z.
11
Suppose -111 = -3*r + 5*y, 0*r + 3*r - 105 = 3*y. Let h be (-14)/3 - (-4)/6. Let d = h - -8. Calculate the highest common divisor of d and r.
4
Suppose -2*m + 3 - 161 = -5*u, -5*m = 4*u - 100. Suppose -28 = 4*i - 108. What is the highest common factor of u and i?
10
Suppose h - 595 = -4*h. Suppose 0 = -4*l + h - 47. What is the highest common divisor of l and 45?
9
Let w be (-20)/((42/9)/(-7)). What is the highest common factor of 12 and w?
6
Let m(d) = 4*d**2 - 3*d - 1. Let c be m(-1). What is the greatest common factor of c and 12?
6
Let g = -4 + 2. Let n be g - ((-34)/2 - -2). Let z(m) = -12*m**3 - m**2 + m + 1. Let x be z(-2). Calculate the highest common factor of x and n.
13
Suppose l = -0*l. Suppose -5*x - 4*v = -92, l = x - 4*v + 2*v - 24. Let s be -2*(0 - 10/4). What is the greatest common divisor of x and s?
5
Let x be (-6)/9 + (-124)/(-6). What is the highest common factor of x and 25?
5
Suppose 0 = -2*y + 219 + 69. What is the greatest common divisor of 18 and y?
18
Suppose 3*y - 2*y - 67 = -4*l, -y + 82 = l. What is the highest common divisor of 58 and y?
29
Let h be ((-3)/(-6))/((-3)/12). Let z be (-3 - -49)*(-1)/h. Calculate the greatest common divisor of 23 and z.
23
Suppose 12 = 4*d - 0*d. Suppose -4*k - 3*o = -4 - 1, d*o = k - 20. Let l be 4/2 - (-50)/k. Calculate the highest common divisor of 132 and l.
12
Let r = 8 + -8. Let w be (-2)/(-1 + r) - -32. What is the greatest common divisor of 85 and w?
17
Let w = -72 - -135. What is the highest common divisor of 9 and w?
9
Let d = 52 + -32. Let c = d - 12. Calculate the highest common divisor of 16 and c.
8
Suppose -8 = 4*q, 5*p + q = -4*q + 65. Let v be p/6*(-12)/(-5). What is the greatest common divisor of v and 48?
6
Suppose 0 = b + b - 4, -3*j = -b - 130. Suppose 5 = 5*c - 50. Calculate the greatest common divisor of j and c.
11
Let n be (-6)/(-9) - (-10)/(-6). Let b be 4/(n/(27/(-2))). Suppose 18 = 3*k - 0*k. Calculate the greatest common factor of k and b.
6
Let q(a) = -2*a - 10. Let m be q(-6). Suppose 0 = -m*s + s + 2. What is the greatest common factor of s and 18?
2
Let r = -6 + 56. Let d be (15/4 + (-15)/12)*4. Calculate the highest common divisor of r and d.
10
Let x = -36 - -46. What is the greatest common divisor of 10 and x?
10
Let h(a) = 8*a**2 + 2*a - 2. Let u be h(-2). Calculate the greatest common divisor of u and 130.
26
Suppose -31*d = -32*d + 7. Suppose 12 - 54 = -2*t. What is the highest common divisor of d and t?
7
Suppose 4*g - 880 = -6*g. What is the greatest common factor of 8 and g?
8
Let o(j) = -j - 3. Let n be o(-11). Let d be 3/(-12) + 18/n. Let b be d + 1/(-2)*-26. Calculate the highest common factor of 135 and b.
15
Suppose -2*m - 3*j + 23 = 0, -4*m - 4*j + 0*j + 36 = 0. Let s be m/(-1)*(-60)/8. What is the highest common divisor of 12 and s?
6
Let y be (-3)/(-3) - (1 - -37). Let p = y - -69. Suppose s + 3*s + p = 4*k, 4*k + 2*s = 14. Calculate the highest common factor of 1 and k.
1
Let z(b) = 7*b**2 - b - 2. Let q be z(2). Let p(t) = 4*t**2 - 4. Let f be p(4). What is the greatest common factor of f and q?
12
Suppose 5*n = -q + 17, 4*n - q - 6 = 13. Suppose -n = 2*u - 0. Let z be -30*(5/3 + u). Calculate the greatest common divisor of z and 10.
10
Suppose 0 = 4*b - 34 - 74. Calculate the greatest common factor of b and 3.
3
Let d be (-969)/(-15) + 4/10. Suppose 2*a - 2 = a + t, 5*a = -2*t + 17. Suppose -p - 52 = -a*p. What is the greatest common divisor of p and d?
13
Suppose -4*u = -b - 64, 2*u + 0*b - b - 34 = 0. Let r = 32 + -12. Let i = -14 + r. Calculate the highest common divisor of i and u.
3
Suppose 2*j + 3*z - 24 = 0, 5*j + 5*z - 14 = 36. Let c be (-2)/(-7) - 102/14. Let o(h) = h + 10. Let s be o(c). Calculate the highest common divisor of j and s.
3
Suppose 2*b - 9 = 29. Calculate the greatest common divisor of 171 and b.
19
Let k = 30 + -18. Let x be (-2)/2 + (k - 1). What is the greatest common divisor of x and 80?
10
Suppose 5*k = -153 + 453. Let d(f) = 4*f**3 - 2*f - 1. Let p be d(-1). Let s be p/(-1 - (-8)/10). What is the greatest common factor of k and s?
15
Let v(h) = h**2 + 9*h - 27. Let z be v(-12). Let b be (-12)/(-3) + 0 - -2. Calculate the highest common factor of z and b.
3
Suppose -6*c - 3 = -7*c. Suppose -c*y - 5*l + 21 = -5*y, 11 = -2*y + 3*l. Calculate the highest common divisor of y and 2.
2
Let m be 1 + -3 - 6*-1. Calculate the greatest common factor of m and 28.
4
Let y = 38 + 32. Calculate the highest common divisor of y and 28.
14
Let a(b) = -3*b**2 + 3*b. Let r be a(3). Let q = r - -26. Let i = -7 + 31. Calculate the highest common factor of i and q.
8
Let o = 0 - -12. Calculate the greatest common divisor of o and 108.
12
Suppose 5*f = -5*k + f + 25, -2*k + 3*f = 13. Suppose 2*n - 6 = 3*p, -k = -4*p - 9. Suppose n = -4*g + 21 - 1. Calculate the greatest common factor of g and 10.
5
Suppose -15 = -o + 13. Let z = -16 + o. Calculate the greatest common factor of z and 3.
3
Let v(d) = -d**3 + 9*d**2 - d + 21. Let j be v(9). What is the highest common divisor of 8 and j?
4
Let i = 13 + -8. Suppose -5*h + 3 = -3*p - 7, i*h - 10 = -3*p. Let n(k) = k**3 + 4*k**2 + k. Let o be n(-3). Calculate the highest common divisor of o and h.
2
Let h be 0 + 0/(9/3). Suppose -3*x + 4*p = -0*x - 25, h = 5*p + 20. Suppose -5 = -2*b - x*b. What is the highest common factor of 3 and b?
1
Let n be -2 + (-1 - -3 - -2). Let r = n + -2. Suppose r = m - 2*m + 39. Calculate the highest common divisor of m and 13.
13
Let x(r) = -r**3 + 4*r**2 + 2*r - 2. Let b be x(4). Calculate the greatest common factor of b and 10.
2
Let x(v) = -v + 8. Let l be x(7). Let a = l - -31. What is the greatest common factor of a and 4?
4
Let q be (-22)/(-6) - 2/3. Let j(r) = -17*r - 24. Let b be j(-3). Calculate the highest common factor of b and q.
3
Suppose 4*u = 5 + 11. Suppose -u*h = -230 + 26. Calculate the highest common divisor of 34 and h.
17
Let x(g) = 2*g**2 + 9. Let q(w) = 2*w**2 + 10. Let b(h) = -4*q(h) + 5*x(h). Let n be b(-5). What is the highest common factor of n and 5?
5
Suppose 3*n + 2*n - 20 = 0. What is the highest common divisor of 4 and n?
4
Let g(n) = -2*n**3 + 3*n**2 - 2*n - 2. Let f be g(2). Let k = f - -15. Suppose t = -0*t + k. Calculate the highest common factor of 15 and t.
5
Let i(u) = -u**3 + 6*u**2 + 8*u - 5. Let n be i(7). Suppose -3*r = 2*j - 4*j + 17, n*r = 4*j - 22. What is the greatest common divisor of j and 1?
1
Let n = 3 + 4. Let q(h) = -h**3 + 7*h**2 + 2*h + 7. Let w be q(n). Let j be 6/21 + 246/w. Calculate the greatest common divisor of j and 8.
4
Let i = 39 + -32. Calculate the highest common divisor of i and 42.
7
Let v be 6/(4*(-4)/(-40)). What is the highest common factor of v and 3?
3
Let y(s) = -s**3 + 5*s**2 + 6*s + 5. Suppose 0 = -7*h + 2*h - 20, o = 3*h + 18. Let u be y(o). Calculate the highest common factor of 40 and u.
5
Let a = 1 + -44. Let t = -15 - a. Calculate the greatest common factor of t and 14.
14
Let s be 265/4 - (-1)/(-4). Let t be 276/48 - 1/(-4). Calculate the highest common factor of t and s.
6
Let z(t) = -t**3 + 13*t**2 - 9*t - 10. Let g be z(11). Let i = -30 - -49. What is the greatest common factor of i and g?
19
Let f(q) = -3*q**2 + 2*q + 66. Let z be f(0). Suppose 2*m - 5 - 7 = 0. What is the highest common divisor of m and z?
6
Suppose 297 = -b + 4*b. Let t(a) = 3*a + 2*a**2 + 0*a - 6*a. Let n be t(3). Calculate the greatest common factor of n and b.
9
Suppose 88 - 73 = q. Calculate the highest common divisor of 195 and q.
15
Let g = -355 + 625. Calculate the highest common divisor of g and 30.
30
Suppose 58 = 5*z + 6*n - 10*n, -26 = -z - 4*n. Calculate the greatest common factor of 14 and z.
14
Let h(u) = -3*u**2 + 9 - u - 4*u**2 + 9*u**3 - 8*u**3. Let a be h(7). Calculate the greatest common factor of a and 18.
2
Suppose 3*r + r = 16. Suppose 0 = 3*w + 6, -2*u + 7*u - 4*w - 163 = 0. Let k = 63 - u. What is the greatest common factor of r and k?
4
Suppose 0 = -7*f + 2*f. Suppose -5*b + i = -177, f*i - 9 = -3*i. Calculate the greatest common factor of b and 9.
9
Suppose -4 = -0*f + 4*f. Let g be 0/(2/f) - -7. Calculate the highest common factor of 77 and g.
7
Let j(h) = 7*h - 18. Let b be j(14). What is the greatest common factor of 10 and b?
10
Let d be 4/(-8) - 699/(-2)